 digit of 105308666?
3
What is the millions digit of 3147333149?
7
What is the hundreds digit of 4321641681?
6
What is the hundreds digit of 734098864?
8
What is the hundred thousands digit of 3249634805?
6
What is the ten millions digit of 382436043?
8
What is the units digit of 3794495601?
1
What is the millions digit of 100522881?
0
What is the millions digit of 48850527?
8
What is the thousands digit of 49343881?
3
What is the tens digit of 89626161?
6
What is the hundred thousands digit of 563549740?
5
What is the hundred thousands digit of 1671864528?
8
What is the hundreds digit of 66068515?
5
What is the ten millions digit of 100775006?
0
What is the hundred thousands digit of 261188470?
1
What is the hundred millions digit of 269276059?
2
What is the ten millions digit of 528481227?
2
What is the ten millions digit of 859407113?
5
What is the units digit of 30187624?
4
What is the units digit of 1737788071?
1
What is the thousands digit of 16496118?
6
What is the ten thousands digit of 887392495?
9
What is the units digit of 131958955?
5
What is the millions digit of 451546718?
1
What is the hundreds digit of 298937311?
3
What is the thousands digit of 395692608?
2
What is the ten thousands digit of 1578159306?
5
What is the units digit of 31026770?
0
What is the hundred millions digit of 277634046?
2
What is the ten millions digit of 252512294?
5
What is the ten millions digit of 169383662?
6
What is the units digit of 353832410?
0
What is the hundreds digit of 26922089?
0
What is the thousands digit of 882834936?
4
What is the hundreds digit of 223072223?
2
What is the ten millions digit of 1376764110?
7
What is the thousands digit of 24573248?
3
What is the hundred thousands digit of 9356444?
3
What is the tens digit of 575920742?
4
What is the tens digit of 1423293010?
1
What is the millions digit of 1034444608?
4
What is the ten millions digit of 60388720?
6
What is the millions digit of 982551529?
2
What is the ten millions digit of 2337419876?
3
What is the thousands digit of 1146851300?
1
What is the billions digit of 1845273080?
1
What is the units digit of 18192261?
1
What is the units digit of 3165441696?
6
What is the hundred millions digit of 2078772943?
0
What is the hundred thousands digit of 174021120?
0
What is the thousands digit of 2631254?
1
What is the hundred thousands digit of 174139686?
1
What is the hundreds digit of 42169509?
5
What is the units digit of 790090714?
4
What is the tens digit of 60290551?
5
What is the thousands digit of 19939594?
9
What is the tens digit of 433484823?
2
What is the ten millions digit of 1796022074?
9
What is the tens digit of 97125656?
5
What is the hundred millions digit of 139754681?
1
What is the tens digit of 3795369633?
3
What is the hundreds digit of 263689417?
4
What is the hundred thousands digit of 52440933?
4
What is the thousands digit of 85533092?
3
What is the hundred millions digit of 2674953307?
6
What is the thousands digit of 12991939?
1
What is the hundreds digit of 549572013?
0
What is the hundred millions digit of 581642424?
5
What is the millions digit of 489792104?
9
What is the ten millions digit of 348877053?
4
What is the tens digit of 111275882?
8
What is the ten millions digit of 445423442?
4
What is the ten millions digit of 162233774?
6
What is the thousands digit of 372488851?
8
What is the units digit of 204225745?
5
What is the ten millions digit of 62926036?
6
What is the millions digit of 31977466?
1
What is the ten thousands digit of 970834473?
3
What is the hundred thousands digit of 272130346?
1
What is the hundred thousands digit of 90300344?
3
What is the millions digit of 81145503?
1
What is the tens digit of 5202665?
6
What is the hundreds digit of 250553632?
6
What is the ten thousands digit of 139499409?
9
What is the hundreds digit of 75568033?
0
What is the millions digit of 155139866?
5
What is the tens digit of 94072444?
4
What is the units digit of 286950407?
7
What is the ten thousands digit of 144885301?
8
What is the tens digit of 521090311?
1
What is the ten thousands digit of 146424888?
2
What is the hundreds digit of 246067492?
4
What is the tens digit of 312394170?
7
What is the billions digit of 1994556076?
1
What is the ten thousands digit of 82203267?
0
What is the hundred millions digit of 237900088?
2
What is the hundred millions digit of 6526068950?
5
What is the millions digit of 313810436?
3
What is the thousands digit of 300773280?
3
What is the hundred thousands digit of 63032099?
0
What is the units digit of 123523927?
7
What is the hundred millions digit of 403230468?
4
What is the hundred millions digit of 332667269?
3
What is the tens digit of 48701473?
7
What is the thousands digit of 66576844?
6
What is the hundred millions digit of 856787054?
8
What is the hundreds digit of 2308100650?
6
What is the hundred thousands digit of 3442992?
4
What is the units digit of 217443827?
7
What is the thousands digit of 5038419053?
9
What is the thousands digit of 72483427?
3
What is the ten thousands digit of 73862966?
6
What is the thousands digit of 2681217778?
7
What is the ten thousands digit of 73189923?
8
What is the ten thousands digit of 1733382237?
8
What is the ten thousands digit of 220908?
2
What is the thousands digit of 27702656?
2
What is the hundred thousands digit of 977335878?
3
What is the units digit of 36309543?
3
What is the hundred thousands digit of 4265723?
2
What is the units digit of 366780088?
8
What is the ten thousands digit of 35591926?
9
What is the hundred millions digit of 570190498?
5
What is the hundred thousands digit of 634828884?
8
What is the millions digit of 1355890958?
5
What is the ten millions digit of 197579600?
9
What is the tens digit of 25567078?
7
What is the hundreds digit of 5642756361?
3
What is the thousands digit of 99768803?
8
What is the units digit of 16804567?
7
What is the hundred millions digit of 237692619?
2
What is the hundreds digit of 109383382?
3
What is the units digit of 5545803332?
2
What is the ten thousands digit of 135104594?
0
What is the tens digit of 74342469?
6
What is the hundreds digit of 1837119793?
7
What is the units digit of 129007937?
7
What is the ten millions digit of 49819963?
4
What is the units digit of 2575814295?
5
What is the units digit of 171114832?
2
What is the units digit of 158365232?
2
What is the hundreds digit of 4427237651?
6
What is the tens digit of 50744481?
8
What is the ten thousands digit of 96640697?
4
What is the ten millions digit of 815549956?
1
What is the units digit of 269568147?
7
What is the ten millions digit of 295151310?
9
What is the hundreds digit of 1746519230?
2
What is the hundreds digit of 788525995?
9
What is the hundred millions digit of 776216311?
7
What is the millions digit of 883331123?
3
What is the thousands digit of 7164366482?
6
What is the hundred millions digit of 2770014580?
7
What is the units digit of 31954405?
5
What is the ten thousands digit of 90782857?
8
What is the ten thousands digit of 502232804?
3
What is the hundred millions digit of 744451465?
7
What is the hundred thousands digit of 133606921?
6
What is the ten thousands digit of 46680567?
8
What is the tens digit of 47172687?
8
What is the millions digit of 157841405?
7
What is the tens digit of 26050974?
7
What is the millions digit of 38685544?
8
What is the tens digit of 628576317?
1
What is the tens digit of 199863607?
0
What is the thousands digit of 704778753?
8
What is the tens digit of 103345314?
1
What is the hundreds digit of 33547515?
5
What is the thousands digit of 147973468?
3
What is the hundred thousands digit of 1015719249?
7
What is the thousands digit of 367846683?
6
What is the ten millions digit of 65733068?
6
What is the hundred thousands digit of 2384629934?
6
What is the tens digit of 16667192?
9
What is the thousands digit of 45118522?
8
What is the ten thousands digit of 1616993722?
9
What is the hundreds digit of 123318980?
9
What is the thousands digit of 300375399?
5
What is the ten millions digit of 28196218?
2
What is the ten thousands digit of 3471599176?
9
What is the ten thousands digit of 47790066?
9
What is the thousands digit of 124065093?
5
What is the hundred thousands digit 